 the first derivative of x**4/4 + 2*x**3/3 - x**2 - x - 2. Let l be k(2). What is the greatest common factor of 99 and l?
11
Let p(s) be the first derivative of -s**2 - 2*s + 1. Let r be p(-9). Let a = 1 + 3. What is the greatest common divisor of r and a?
4
Let v be (-125)/15*24/(-20). What is the greatest common divisor of 90 and v?
10
Let o = 929 + -610. What is the greatest common divisor of 29 and o?
29
Suppose -m + 26 = 3*k, 5*k + 21 - 61 = -5*m. Suppose -f = -k - 5. Suppose -c = 4*n - 2*n - 72, 0 = 4*c - 8. Calculate the greatest common divisor of n and f.
7
Let a(p) = p + 21. Let n be a(-17). Suppose 2*r - 184 = n*g, 5*r - 3*g - 484 = g. Calculate the highest common divisor of r and 40.
20
Suppose -11*a = -3*a - 288. Calculate the highest common factor of a and 36.
36
Let s(d) = 7*d - 3. Let g be s(3). Calculate the greatest common factor of g and 12.
6
Suppose 2*d = -d - 12. Let k = -2 - d. Suppose 0*t + k*t - 16 = 0. What is the highest common divisor of 4 and t?
4
Suppose 2*a - 4*g - 12 = -0*a, 18 = 3*a + 4*g. Let u(d) = -2*d + 2*d - 2*d. Let w be u(-1). Calculate the highest common divisor of a and w.
2
Suppose 2*n + 4*o = n - 8, -5*n = 2*o - 14. Calculate the greatest common factor of n and 12.
4
Suppose 0 = 8*w - 6*w - 34. What is the highest common factor of w and 51?
17
Suppose 5*s - 4*s - 13 = 0. What is the highest common factor of s and 104?
13
Let n(d) = d + 31. Let y be n(-7). Let w be (-1)/(-2*(-2)/(-144)). What is the highest common factor of y and w?
12
Let n(m) = m**2 + 11*m + 16. Let d be n(-15). Suppose -d = -2*t + 104. What is the greatest common divisor of 36 and t?
18
Let o be 13 + 2 + 0/2. Suppose -2*w - o = -3*w. Calculate the highest common factor of w and 3.
3
Let r(i) = -i**2 + i - 4. Let s be r(3). Let l = s - -13. Suppose 2*j + 246 = l*p + 4*j, j + 317 = 4*p. What is the greatest common factor of p and 10?
10
Let j = 203 + -104. Suppose 11 = 3*r - 1. Let x be r*(-2 + 17/4). Calculate the greatest common factor of j and x.
9
Suppose -6 = -5*r + 3*r. Suppose p - r*p + 130 = 0. What is the highest common factor of 26 and p?
13
Let h = -137 - -285. Let j = h + -98. What is the highest common divisor of j and 5?
5
Let j(g) = 3*g - 12. Let b be j(5). Suppose b*p - 10 = p. Calculate the highest common factor of p and 20.
5
Let q = -27 + 55. Calculate the highest common divisor of q and 42.
14
Suppose 2*y - 34 = -2*n, -35 = -5*y - n + 6*n. What is the greatest common divisor of 8 and y?
4
Let a be 1*(4/16 - 135/(-4)). What is the highest common divisor of 85 and a?
17
Suppose 666 = 2*u + 2*v, 318 = 3*u - v - 669. What is the greatest common factor of 30 and u?
30
Suppose 17*o = 14*o + 252. Calculate the greatest common factor of 12 and o.
12
Let p be (-72)/5 - (-4)/10. Let x = 23 + p. Let h be ((-126)/8)/((-1)/4). Calculate the greatest common divisor of h and x.
9
Let t = -37 - -60. Let i = 250 + -135. What is the greatest common divisor of i and t?
23
Suppose 5*d - 5*q - 205 = 0, -q = -2*d - 5*q + 106. What is the highest common factor of d and 5?
5
Suppose 0 = 5*b - b. Suppose b*x = -x + 11. Calculate the highest common divisor of 88 and x.
11
Suppose -w = -5*w + 4. Let b(m) = m**3 + 3*m**2 - m - 1. Let q be b(-3). Let d = q + w. What is the greatest common divisor of 1 and d?
1
Let k be ((-4)/4)/(1/2). Let d be (-3)/2 - k/(-4). Let r be 1/d*(-2 - 284). What is the greatest common factor of r and 13?
13
Let r(d) = 7*d + 12. Let v be r(12). Calculate the greatest common factor of 12 and v.
12
Suppose -2*y + 5*j - 3*j + 38 = 0, 0 = 5*y - j - 91. Let t = y - -24. What is the greatest common factor of 14 and t?
14
Suppose -w + 16 = 3*w. Suppose -7 = 5*f + 3*x + 7, -w = f + x. Let g be (f - 25)/(2/(-8)). What is the highest common factor of 13 and g?
13
Suppose 121 = 4*r + 25. What is the greatest common factor of 16 and r?
8
Let x be (-32)/6*(-1)/(2/3). What is the greatest common factor of 8 and x?
8
Suppose 3*w = -w - 8. Let q(s) = -s**3 - s + 2. Let g be q(w). Let k = -8 + g. Calculate the greatest common factor of 10 and k.
2
Let u(y) = 5*y**2 + 4*y - 23. Let v be u(7). What is the highest common divisor of v and 50?
50
Suppose 4*k = -2 + 14. Calculate the greatest common factor of 9 and k.
3
Let g = 51 - 15. Let v be (4*-2)/(1/(-2)). Suppose y = 5*y - v. Calculate the highest common factor of g and y.
4
Suppose -c + 23 = -7. Suppose s = 4*s - c. What is the highest common divisor of s and 30?
10
Suppose 0 = l - 4*x - 248, 770 = 5*l - 3*x - 504. What is the greatest common factor of 32 and l?
32
Let y(a) = 29*a**3 - a**2 - a + 1. Let o be y(1). What is the greatest common divisor of o and 14?
14
Let k(b) = 102*b + 32. Let l(a) = 34*a + 11. Let r(m) = -5*k(m) + 14*l(m). Let g be r(-3). Calculate the highest common divisor of 24 and g.
24
Let s(h) = h - 4*h**2 + 4*h**2 - h**2 - 2. Let n be s(0). Let f be 0/(n - 0) - -126. What is the greatest common factor of 18 and f?
18
Let s = 1 + 2. Suppose -s*x = -42 - 24. Calculate the greatest common factor of x and 2.
2
Suppose 6*p = -p + 294. Let n(x) = 4*x - 6. Let i be n(5). What is the greatest common divisor of i and p?
14
Let v(d) = 9*d - 6. Let x be v(7). Calculate the highest common factor of x and 38.
19
Let o be (1 - 2) + 65/5. Let f be (-9)/(-15) + o/5. Suppose f*x = 5*a - 709, -3*a - 2*x - 27 + 460 = 0. Calculate the highest common factor of a and 13.
13
Suppose -4*i = i - 20. Let t = 5 + 0. Suppose 2*n - 5*r - 50 = 0, 4*n + 20 = -t*r + 90. Calculate the highest common factor of i and n.
4
Suppose -2*r = -n + 25, r + 118 = 5*n + 11. Suppose -n - 19 = -4*b. Calculate the greatest common divisor of b and 20.
10
Let y be -3 + (-2 + -2 - -22). What is the greatest common factor of 120 and y?
15
Suppose -n + 5*n - 8848 = 0. Suppose j + n = -j. Let i be 2/5 + j/(-35). What is the highest common divisor of i and 4?
4
Let l be 1 + 6/4*14. Let z(j) = -j + 2. Let x be z(4). Let s = x - -13. What is the greatest common factor of s and l?
11
Suppose -3*r + 9 = 0, 0 = p + p - 2*r + 34. Let z = p - -26. Calculate the highest common factor of z and 6.
6
Suppose -150 = -3*r - 3*q, 176 = -3*r + 7*r - 4*q. What is the highest common divisor of 141 and r?
47
Let p = 14 + -21. Let s(m) = -m - 4. Let z be s(p). Let w be (-13)/(-2) + 6/(-12). What is the highest common factor of w and z?
3
Suppose 2*k - 235 - 113 = 0. Calculate the highest common factor of 29 and k.
29
Let c be (-26)/52*-2*1. What is the highest common divisor of c and 7?
1
Let n be 18/(-54)*(-54 - 0). Suppose n = v - 17. Calculate the greatest common divisor of 7 and v.
7
Let t(i) = i**3 - 3*i + 4. Let z be t(2). Calculate the greatest common divisor of z and 3.
3
Suppose 0 = -3*t + 1 + 5. Suppose -3*u + 16 = 2*o, -5*o = -u + t - 8. Suppose 0*y = -2*y + 40. What is the highest common divisor of y and u?
4
Suppose 4*n = -0*n + 216. Suppose n = 4*a - 66. Let b = -13 + 28. Calculate the greatest common factor of b and a.
15
Let u(t) = 4*t**2 - 2*t + 1. Let l be u(1). Suppose 0*p - 4*p = -4*i - 12, 4*p + 5*i = 12. What is the highest common divisor of l and p?
3
Let s(x) = -5*x - 8. Let g be s(-6). What is the highest common factor of 176 and g?
22
Let d = 6 + -8. Let u = d - -2. Let b be (-38)/(-2) - (1 - u). What is the greatest common factor of b and 9?
9
Suppose -5*l + 12 + 8 = 0. Suppose 0 = -3*y + 2 + l. Calculate the highest common factor of y and 6.
2
Suppose 2*o + 3 = -3. Let j be (-4)/((3/4)/o). What is the highest common divisor of 16 and j?
16
Let u(d) = 2*d**3 - 5*d**2 + 2*d + 2. Let j be u(3). Calculate the highest common divisor of 34 and j.
17
Suppose -8*p + 45 = -3*p. What is the highest common factor of 15 and p?
3
Let p(v) = 2*v**2 - 4*v - 12. Let o be p(5). Calculate the greatest common factor of o and 18.
18
Suppose 5*o - 6171 = -6*o. What is the highest common divisor of 51 and o?
51
Let l be 3 - (0 - -1) - -10. Suppose -4*b = -l, 2*b = -4*r - r + 16. What is the greatest common divisor of r and 2?
2
Let d(l) = l**2 + 11*l + 31. Let n be d(-9). Calculate the highest common divisor of 104 and n.
13
Let g(p) = p**2 + 5*p - 1. Suppose 0 = q + 5*l + 5, -3*l = -3*q - 0*q - 15. Let a be g(q). Let y = 7 + a. What is the greatest common divisor of 2 and y?
2
Let r be (-34)/(-2) - (-2)/2. Let i(d) = 6